 d be ((-1)/5)/((-1)/c). Let y(a) be the first derivative of 7*a**3/3 - a**2/2 - 301. Calculate y(d).
6
Let t(j) = -10*j + 34. Let s be 1*33*(32 + (-8376)/264). Determine t(s).
-56
Let m(x) be the first derivative of 3*x**2/2 - 20*x - 1. Let r be m(9). Let z(b) = 4*b**2 - r*b**2 - b**2 + 5*b**2 + 7*b. What is z(-6)?
-6
Let q(l) = 10*l + 195. Suppose 2*k + 45 = s, -4*k = 4*s - 21 + 69. What is q(k)?
5
Let b(s) = s**2 + 5*s + 2. Let g = 244 - 224. Suppose -5*q - w = g, 0 = -3*q - 12*w + 7*w - 12. Calculate b(q).
-2
Let i(p) = 16*p**2 + 6*p + 8. Let t(a) = -a**2 - a - 1. Let b(k) = i(k) + 18*t(k). What is b(-5)?
0
Suppose 1578*w = 1358*w - 660. Let z(t) be the third derivative of t**4/12 + 4*t**3/3 + t**2. What is z(w)?
2
Let n(b) = 3*b - 5. Let y(m) = m**2 + 2*m - 4. Suppose 4*j - 29 + 17 = 0. Let r be j + -3 + -2 - -6. Let w(c) = r*n(c) - 5*y(c). Give w(2).
-16
Let h(d) = 3*d**3 - 18*d**2 - 3*d + 14. Let y be h(6). Let s(j) = -j**3 - 11*j**2 - 30*j - 2. Give s(y).
6
Let a = 114 + -305. Let o = -186 - a. Let d(l) = -2*l**2 + 6*l - 7. Give d(o).
-27
Let g(r) be the third derivative of 0 + 3*r**2 + 24*r + 25/6*r**3 + 1/8*r**4. What is g(-10)?
-5
Suppose 10 = 2*z - 4*r + 24, -3*z + 4*r = 11. Let f(q) = -2*q + 11*q**2 - 51*q**3 - 2 - 53*q**z + 105*q**3. Determine f(-11).
20
Suppose 2*u + 2*u = 64. Suppose 4*o + 3*a - 22 + 1 = 0, 2*a - u = -3*o. Let m(k) = -k - 3. What is m(o)?
-9
Let t(i) = -2 + 3*i - 4*i**3 + 1 + 3*i**3 + 2*i**2. Let w(m) = -m**2 - 241*m + 3. Let g be w(0). What is t(g)?
-1
Let s(i) = i + 14. Suppose 4*p + 3*z + 82 = 0, 13*p - 18 = 14*p + 2*z. Let v be s(p). Let c(j) = 3*j + 11. Determine c(v).
-13
Let l(m) be the first derivative of -m**4/4 + 3*m**3 + 51*m**2/2 + 5*m + 1925. Calculate l(13).
-8
Let v(b) = b**3 - 2*b - 1. Let j be v(-1). Suppose j = -d - 3*l + 4, -3*l + l = 4*d + 24. Let m(w) = w**3 + 9*w**2 + 7*w - 6. Determine m(d).
2
Let o(m) = m**3 - 4*m**2 + 4. Let p be o(3). Let n(b) = -b**2 - 4*b - 1. Let u be n(-3). Let s(z) = -10*z**2 + 5*z**u - 4 + 5 - z**3 - 2. Calculate s(p).
-1
Let z(l) = l**2 + 10*l + 1. Suppose 1023 = -15*h + 3618. Suppose 0 = -4*b + h - 205. Calculate z(b).
-15
Suppose -23*y + 71 = -21. Suppose -8 = y*w, -2*i - 11*w = -6*w + 20. Let b(q) = 3*q + 3. Determine b(i).
-12
Let q(b) = -b. Let c(w) = 4*w**3 - 5*w**3 - 29*w**2 + 31*w**2. Let k be c(2). Calculate q(k).
0
Let y(n) be the second derivative of -1/2*n**2 + 3 + 11*n + 8/3*n**3. What is y(-1)?
-17
Let z(s) = s**2 - 1. Let j(o) = o**3 + 23*o**2 + 31*o + 9. Let k(g) = j(g) - 6*z(g). Let t be k(-15). Let a(y) = y - 4. Give a(t).
-4
Suppose -12*k + 8*k = 2*j - 24, j + 36 = 4*k. Let z(a) = 28*a - 216. What is z(k)?
8
Suppose 0 = -18*m + 279*m + 1044. Let f(l) = l**2 - l - 22. Calculate f(m).
-2
Let t(s) = s**3 + 5*s**2 + 150*s + 2. Let h(b) = -2*b**3 - 10*b**2 - 273*b - 6. Let i(p) = 6*h(p) + 11*t(p). Calculate i(-7).
0
Let n(l) = -12*l**3 - 9*l**2 - 8*l - 5. Let h(d) = -33*d**3 - 25*d**2 - 22*d - 13. Let k(r) = -3*h(r) + 8*n(r). Calculate k(-2).
-17
Let s(f) = f**2 - 6*f - 4. Let h(o) = o - 16. Let j be h(-9). Let v be j*(-4)/(-40)*-2. Give s(v).
-9
Suppose 1019*l - 1017*l - 10 = v, -3*v = 3*l - 24. Let f(c) = -6*c**2 + 11*c - 19. Give f(v).
-21
Let k(h) = 2*h + 3. Let s(i) = 4*i + 7. Let r(j) = 9*k(j) - 4*s(j). Let l(z) = z**2 + 10*z + 1. Let v be l(-10). Suppose 0 = 3*y - 2*y - v. Determine r(y).
1
Suppose -3*o - 25*d + 20 = -24*d, o - 2*d = -5. Let n(x) = 475 + 8*x**2 + x**3 - 476 - o*x**2 - x. Determine n(-3).
2
Let g(w) = -3*w**3 - 2*w**2 - w. Let x be 7712/22 + 6/(-11). Let f = x - 351. Determine g(f).
2
Let o(f) = 2*f**2 + 3*f + 151. Let a(h) = -4*h**2 - 5*h - 350. Let r(d) = -3*a(d) - 7*o(d). Calculate r(-3).
-7
Let s be 4 + (42/35)/((-6)/20). Let u(d) = -7 + 115*d + s - 121*d. Give u(-5).
23
Let x(k) be the first derivative of k**4/2 - 2*k**3/3 - k**2 - k + 2962. Calculate x(3).
29
Let y(p) be the first derivative of -p**7/140 - p**6/180 + p**5/120 + p**4/12 + p**3 + 2*p**2 + 171. Let z(a) be the third derivative of y(a). Calculate z(-1).
5
Suppose 2*i = 3*i - 0*i. Suppose y = -2*h, i*y = -y + 5*h. Let k(b) = b**2. Let t(s) = s**2 - 6. Let a(q) = 2*k(q) - t(q). Give a(y).
6
Let h(p) = -2*p - 1790 + 0*p + 1788 - p. Determine h(-5).
13
Let b(w) be the first derivative of -9*w**2 + 109*w - 2677. Give b(6).
1
Let g(l) = l**3 - 9*l**2 + 5*l + 3. Let u(h) = h**3 - 11*h**2 + 5*h + 5. Let j(x) = -5*g(x) + 4*u(x). Determine j(0).
5
Let h(q) = -3*q - 4. Let s = -8 - -12. Suppose -16 = -0*g - 4*g. Suppose 2*v - 23 = 5*a, 0 = g*a + s*v + 5 - 9. Determine h(a).
5
Let c be 30591/(-3267) - 4*(-1)/11. Let l(h) = h**2 + 2*h + 20. Calculate l(c).
83
Let v(d) = -d + 5. Let a be v(-10). Suppose -4*c + a = -2*w - 9, 2*w = 0. Let i(x) = 5*x**2 + c + x - 2*x**2 - 4*x**2. Calculate i(0).
6
Let l(r) = -2*r**2 + 88*r + 53. Let o(c) = 4*c**2 - 192*c - 108. Let v(a) = 5*l(a) + 2*o(a). Calculate v(29).
-9
Let q(x) = -8*x. Let v be (4/(-8))/((5/(-194))/5). Suppose v*y - 6 = 99*y. Give q(y).
24
Let o(j) = j**3 + 6*j**2 + 6*j - 3. Let g(s) = -3*s**3 - 18*s**2 - 16*s + 8. Let z(l) = 3*g(l) + 8*o(l). Let h be ((-15)/20)/((-1)/(-8)). Give z(h).
0
Let r(p) be the second derivative of p**3/3 - 17*p**2 + 111*p + 1. Calculate r(13).
-8
Let d(w) = -w - 17. Let t = -52 + 60. Let b be -1 + (-44)/6 - t/(-24). What is d(b)?
-9
Suppose -4*i + 51 = 39, -51 = 3*m - 5*i. Let f(z) = -z**3 - 13*z**2 - 13*z - 22. Determine f(m).
-10
Let w = -101 + 110. Suppose w*f + 46 = 10. Let z(k) = 106*k - k**3 - 4*k**2 - 1 + 104*k - 207*k. Give z(f).
-13
Let y(l) = 703*l - 13. Let g(t) = -263*t + 5. Let j(o) = 8*g(o) + 3*y(o). Suppose -29 = -q - 5*d - 9, 0 = -4*q - 2*d - 10. Determine j(q).
-24
Let a be 6/24 + 33/(-4). Suppose 9*r - 27*r - 18 = 0. Let s(l) = 5*l - 5. Let w(n) = -2*n. Let i(x) = r*s(x) - 3*w(x). Give i(a).
-3
Let q be 0*(-4 + 13)/(-99). Let m(b) = 14*b - 1. Give m(q).
-1
Let u(z) = 3*z**2 + 4*z**3 - 1 - 2*z**3 - z**3 + z. Suppose -1221*c = -1207*c + 42. Give u(c).
-4
Let t(b) = -2*b - 2*b - 2*b - 1. Let h = 104 + -98. Let a be (h/(-30))/(3/(-45)). Give t(a).
-19
Let l(o) = -13*o + 22 + 6*o + 3*o + 5*o. Calculate l(-13).
9
Let q(y) = -41*y + 41*y - 6*y**3. Suppose 5*p - 3*p = -12. Let m be 2/p - ((-12)/9 + 2). Determine q(m).
6
Let s(i) = -19*i + 9. Let c(m) = 18*m - 8. Let y(t) = -t**3 - 6*t**2 + t. Let d be y(-6). Let l(u) = d*c(u) - 5*s(u). Calculate l(2).
-23
Suppose 5*q + 22 - 2 = 0. Suppose -632 = -4*j + 312. Let o(p) = -475*p + j*p + 236*p - 5. Calculate o(q).
7
Let l(i) = 20*i**3 - 90*i**2 + 88*i**2 + 2 - 15*i**3 - 36*i**3. Calculate l(1).
-31
Let q(p) = -8*p**3 - 8*p**2 - 2 + 9*p**3 + 38*p - 3 - 38*p. Let v be 1/((-3 - -5)/16). Calculate q(v).
-5
Let b(d) be the third derivative of d**5/60 - d**4/4 - 5*d**3/2 - 949*d**2. Determine b(11).
40
Let m(z) = z**3 + 8*z**2 + 4*z - 10. Let o(b) = -12*b + 88. Let w be o(7). Suppose d - 2 = 0, 2*f + w*d + 1 = -5. What is m(f)?
11
Suppose -65*r + 7943 = 229*r + 2063. Let q(l) = l - 19. Determine q(r).
1
Suppose 69*l - 240 = 129*l. Let z(h) = -3*h**2 - 19*h - 56. Determine z(l).
-28
Let t(w) = 14*w - 19 + 15*w - 1 - 30*w. Let v = -4 + -6. Determine t(v).
-10
Let s(z) = -z**3 - 26*z**2 - 28*z - 69. Let v be s(-25). Let q(p) = p**3 - 6*p**2 + 4*p - 29. Determine q(v).
-5
Suppose 7*n - 5*c = 3*n + 33, 3 = 4*n + c. Let t(y) = -3*y**3 + 9*y**2 - 11 - 967*y + n*y**3 + 958*y. Let j be 32/(-12)*-3*1. Calculate t(j).
-19
Let z(c) = 1 + 2*c**3 - 3*c - 3*c**2 - c**3 - 9. Suppose -5*w = -18 - 8 + 6. What is z(w)?
-4
Let o(x) = -13*x**2 + 6*x + 1. Let p(c) = 63*c**2 - 33*c - 17. Let h(i) = 5*o(i) + p(i). Determine h(-3).
-21
Let w = 214 + -142. Suppose 4*r + 4*r = -w. Let j(y) = y**2 + 10*y + 1. Calculate j(r).
-8
Let s(n) be the first derivative of n**3/3 + 3*n**2/2 - 5*n + 108. Suppose 6*v = 3*k + 7*v + 9, -4*k - 2*v = 10. Determine s(k).
-1
Let a(i) = i**2 + 17*i + 13. Let n be a(-16). Let o(c) = -71 - 82 + 2*c + 226 - 80 + c**2. Give o(n).
-4
Let n(y) be the second derivative of -y**4/4 + 11*y**3/6 - 19*y. Let o(p) = -13*p**2 + 45*p. Let b(g) = -9*n(g) + 2*o(g). Give b(8).
-8
Let i = -585 + 729. Let l = 139 - i. Let r(p) = -p**3 - 7*p**2 - 6*p + 7. Calculate r(l).
-13
Let u = -11/362 + 203/724. Let t(i) be the second derivative of 0*i**4 - u*i**5 